
Let l(c) = -c + 13. Calculate l(4).
9
Let k(z) = 2*z + 5. Determine k(-6).
-7
Let r(w) = 9*w**2 + 45*w + 4. Give r(-5).
4
Let g(o) = o**2 - 5. Determine g(0).
-5
Let m(d) = 2*d**3 - 143*d**2 + 212*d - 147. What is m(70)?
-7
Let n(z) = 63*z + 1. What is n(-2)?
-125
Let r(x) = -x**3 - 2*x**2 - x + 2. Calculate r(-3).
14
Let i(o) = -o + 14. Calculate i(6).
8
Let y(v) = -5*v + 68. Calculate y(13).
3
Let z(r) = -5*r - 7. What is z(-9)?
38
Let g(v) = v**2 - 354. Determine g(19).
7
Let q(x) = -4*x**2 - 2*x + 3. Give q(1).
-3
Let n(k) = 4*k + 7. Give n(2).
15
Let w(z) = 41*z**2 - 329*z + 7. Calculate w(8).
-1
Let g(r) = r**3 - 9*r**2 - 11*r - 3. What is g(10)?
-13
Let l(q) = -4*q + 49. What is l(5)?
29
Let n(o) = 2*o + 20. What is n(-10)?
0
Let m(x) = -x**2 + 17*x - 15. What is m(15)?
15
Let w(u) = 3*u + 111. Determine w(-31).
18
Let c(f) = -f**2 - 10*f - 18. Give c(-8).
-2
Let w(m) = -13*m - 2. Give w(-1).
11
Let c(d) = -d + 22. Determine c(28).
-6
Let d(l) = l**3 + 9*l**2 - 2*l - 17. Determine d(-9).
1
Let h(z) = z - 2. Give h(5).
3
Let n(d) = d**3 - 8*d**2 + 6*d + 2. Give n(7).
-5
Let t(u) = -u**3 + 13*u**2 + u - 33. Give t(13).
-20
Let m(i) = 8*i**3 + i**2 - i - 1. Determine m(-1).
-7
Let u(j) = 10*j + 18. What is u(8)?
98
Let l(p) = -3*p**3 + 24*p**2 - 10*p + 2. Calculate l(7).
79
Let p(y) = 2*y**2 + 10*y + 9. Calculate p(-5).
9
Let d(h) = 2*h**2. Determine d(-2).
8
Let c(s) = -s**2 + s + 2. Calculate c(-1).
0
Let x(p) = -p + 2. Give x(-7).
9
Let d(k) = 2*k**2 - 3*k + 1. Give d(4).
21
Let v(f) = -24*f. What is v(2)?
-48
Let s(c) = -c**2 - 12*c + 26. Calculate s(-14).
-2
Let o(g) = -3*g + 19. Calculate o(8).
-5
Let g(y) = -2*y**2 - 14*y - 17. Determine g(-5).
3
Let f(y) = y**3 - 4*y**2 - 4*y - 4. Calculate f(4).
-20
Let p(l) = l**2 + 8*l + 10. Give p(-4).
-6
Let l(o) = 3*o + 13. Calculate l(-6).
-5
Let z(y) = 4*y**2 - 47*y + 26. Determine z(11).
-7
Let x(g) = g - 6. What is x(4)?
-2
Let n(y) = 2*y - 32. Give n(15).
-2
Let h(r) = -r + 10. What is h(3)?
7
Let r(i) = -9*i + 20. Determine r(5).
-25
Let w(d) = -2*d + 14. What is w(6)?
2
Let b(d) = -d**2 - 16*d - 14. Calculate b(-13).
25
Let d(s) = -s**3 + 6*s**2 + 8*s - 15. What is d(7)?
-8
Let p(t) = t**3 - 11*t**2 + 22*t - 17. Determine p(9).
19
Let s(n) = 15*n + 26. Give s(-5).
-49
Let l(q) = q**2 + 8*q - 5. What is l(-6)?
-17
Let b(c) = -c**3 + 3*c**2 - 20*c + 103. Determine b(4).
7
Let u(m) = -2*m + 2. Determine u(-20).
42
Let k(j) = -j**2 + 6*j - 3. Calculate k(5).
2
Let b(z) = -2*z**3 - 18*z**2 + 40*z + 16. Give b(-11).
60
Let f(y) = y**3 - 2*y**2 - 5*y + 5. Give f(3).
-1
Let w(u) = -2*u**3 - 33*u**2 + 17*u. Calculate w(-17).
0
Let l(r) = -8*r + 22. What is l(-3)?
46
Let x(m) = -m**2 - 13*m + 1. What is x(-6)?
43
Let p(i) = i**3 + 26*i**2 + 26*i + 50. Give p(-25).
25
Let o(z) = z**2 - 36*z + 18. Calculate o(36).
18
Let n(i) = -i**2 - 24*i - 3. What is n(-17)?
116
Let g(r) = -r**3 + 4*r**2 - 2*r + 11. Calculate g(4).
3
Let t(o) = o**3 - 6*o**2 + o + 5. Determine t(5).
-15
Let z(m) = 25*m + 1. Determine z(-2).
-49
Let t(i) = -6*i**3 + i**2 + 4. What is t(0)?
4
Let j(y) = -y - 6. Calculate j(0).
-6
Let t(b) = 11*b + 136. Determine t(-13).
-7
Let a(w) = w**2 + 15*w - 11. Calculate a(-13).
-37
Let s(m) = -11*m - 1. Calculate s(2).
-23
Let y(g) = -g**3 - 30*g**2 + 32*g + 55. What is y(-31)?
24
Let g(q) = -2*q**2 + 5*q - 4. Determine g(3).
-7
Let q(f) = f**3 - 3*f**2 - 2*f - 5. Give q(5).
35
Let j(n) = -3*n**2 + 6*n + 2. What is j(5)?
-43
Let d(k) = -8*k + 62. What is d(6)?
14
Let p(u) = u**3 - u + 56. Give p(0).
56
Let o(u) = -u**2 + 8*u - 5. What is o(9)?
-14
Let x(l) = -l**3 - 14*l**2 - 25*l - 30. Calculate x(-12).
-18
Let g(d) = d**2 + 7*d + 11. Give g(-6).
5
Let g(d) = d**2 + 9*d. Calculate g(-9).
0
Let a(n) = 4*n + 7. Calculate a(-5).
-13
Let a(c) = 3*c**3 + 5. Calculate a(-2).
-19
Let m(h) = -h**2 + h + 27. Determine m(5).
7
Let b(z) = -z**2 - 11*z - 9. Determine b(-4).
19
Let z(o) = o + 16. What is z(-21)?
-5
Let o(u) = u**3 - 2*u**2 - 14*u + 13. Give o(5).
18
Let j(z) = -32*z + 250. Give j(8).
-6
Let p(o) = -o**3 + 11*o**2 + 16*o - 14. What is p(12)?
34
Let l(a) = a**2 + 24*a - 224. What is l(-32)?
32
Let u(h) = -2*h**2 + 53*h + 22. What is u(27)?
-5
Let s(q) = -18*q - 3. Calculate s(-4).
69
Let i(d) = 15*d**3 - d**2 + 5*d + 8. What is i(-2)?
-126
Let r(c) = -c - 11. What is r(-4)?
-7
Let q(n) = -n**2 + 18*n - 15. What is q(20)?
-55
Let w(t) = t**2 - 2*t. Give w(2).
0
Let k(t) = -t**2 + 12*t + 7. Calculate k(11).
18
Let r(h) = -h**3 + 4*h**2 - 2*h - 4. What is r(3)?
-1
Let h(f) = -2*f**2 - 54*f - 1. Determine h(-27).
-1
Let m(j) = 54*j - 32. Calculate m(3).
130
Let y(v) = -v + 4. Calculate y(-8).
12
Let o(d) = -d**2 - 20*d - 91. Calculate o(-7).
0
Let x(b) = 3*b - 17. Calculate x(28).
67
Let w(y) = -y**2 - 9*y + 7. Determine w(-10).
-3
Let d(g) = -3*g**3 + 21*g**2 + 3*g - 8. Calculate d(7).
13
Let v(j) = -j**3 + j**2 + j + 28. Determine v(0).
28
Let h(g) = g**3 - 3*g**2 + g - 2. Calculate h(3).
1
Let o(j) = -9*j + 3. Give o(1).
-6
Let z(x) = x**2 - 8*x + 6. Give z(8).
6
Let l(n) = n**3 + n**2 + n + 11. What is l(0)?
11
Let p(m) = -2*m**2 + 53*m - 82. Give p(25).
-7
Let f(z) = -2*z**2 - 16*z - 24. What is f(-2)?
0
Let f(c) = -2*c + 2. What is f(2)?
-2
Let h(g) = -2*g - 99. Determine h(-51).
3
Let m(h) = -3*h**2 + 20*h - 36. Determine m(2).
-8
Let y(r) = -10*r - 19. What is y(-6)?
41
Let i(s) = -s - 16. Determine i(-18).
2
Let t(o) = -15*o + 48. Give t(4).
-12
Let o(q) = -35*q + 1. What is o(-2)?
71
Let d(p) = -4*p + 2. Calculate d(-9).
38
Let l(p) = -p**2 + 12*p - 1. Give l(14).
-29
Let o(c) = c + 41. What is o(-4)?
37
Let s(h) = h**2 - 6*h - 4. What is s(5)?
-9
Let g(z) = z**3 + 12*z**2 + 45*z + 61. Calculate g(-7).
-9
Let f(d) = -d**3 + 11*d**2 - 3*d + 24. Calculate f(11).
-9
Let m(b) = b**2 - 31*b - 12. Determine m(31).
-12
Let v(t) = t**3 - 9*t**2 - 4. Determine v(9).
-4
Let l(b) = -10*b**3 + b - 1. Calculate l(1).
-10
Let w(y) = -3*y - 2. Give w(5).
-17
Let v(p) = p**3 + 14*p**2 + 20*p. Calculate v(-12).
48
Let o(c) = c**3 + 6*c**2 + 4*c + 8. Calculate o(-4).
24
Let k(l) = -l**3 + 10*l**2 + 12*l - 14. Calculate k(11).
-3
Let b(z) = -4*z + 48. Determine b(32).
-80
Let h(s) = s**3 - 37*s**2 + 36*s - 13. Give h(36).
-13
Let u(r) = 3*r + 31. Determine u(-8).
7
Let x(n) = -n**3 - 4*n**2 + 14*n + 60. What is x(-5)?
15
Let g(i) = 3*i**3 - 4*i**2 + 6*i - 5. What is g(1)?
0
Let p(c) = 39*c**2 - 428*c - 15. What is p(11)?
-4
Let s(f) = f**3 - 16*f**2 + 19*f - 22. Determine s(15).
38
Let o(c) = c**3 - 11*c**2 - 6*c + 8. What is o(12)?
80
Let l(b) = 6*b**2 + 11*b + 4. Give l(-4).
56
Let q(b) = 4*b + 10. What is q(-4)?
-6
Let w(n) = n + 14. Determine w(-3).
11
Let y(u) = -2*u**2 - 10*u - 7. Calculate y(-7).
-35
Let g(u) = -3*u**2 + 10*u + 32. Determine g(-2).
0
Let q(d) = -d**2 - 8*d + 11. Give q(-9).
2
Let f(x) = -3*x**2 - x - 6. Give f(0).
-6
Let h(n) = -n - 11. What is h(-6)?
-5
Let b(l) = l**3 + 11*l**2 - l - 33. Calculate b(-11).
-22
Let x(j) = j**3 - 11*j**2 - j + 8. Give x(11).
-3
Let b(l) = l**3 + 7*l**2 + l + 12. What is b(-7)?
5
Let o(n) = -16*n**2 + 3*n + 2. Give o(-2).
-68
Let v(d) = d**3 - 8*d**2 + 6*d + 4. Give v(7).
-3
Let v(j) = -j**3 - 9*j**2 - 8*j - 15. What is v(-8)?
-15
Let t(m) = -m**3 + 6*m**2 + 29*m - 111. Determine t(8).
-7
Let m(i) = -i**3 - 8*i**2 - 6*i - 1. Calculate m(-7).
-8
Let k(l) = -l**2 - 5*l - 7. Determine k(-3).
-1
Let s(h) = 3*h - 8. Determine s(5).
7
Let x(p) = 15*p**3 - p**2 - 3*p - 2. Calculate x(-1).
-15
Let j(k) = -k**2 - 14*k + 82. Determine j(-16).
50
Let d(h) = 2*h**3 - 11*h**2 + 15*h - 7. Give d(4).
5
Let q(n) = -n**2 + n + 5. Calculate q(5).
-15
Let r(k) = -9*k**2 - 46*k - 12. Give r(-5).
-7
Let t(f) = f**3 - 5*f**2 - f - 5. Give t(6).
25
Let v(u) = -u**2 - 6*u + 11. Calculate v(2).
-5
Let w(o) = -o**2 - 2*o + 35. Calculate w(0).
35
Let r(t) = -3*t**2 + t + 1. Give r(0).
1
Let l(z) = 2*z**2 - z + 4. Give l(0).
4
Let b(d) = -d**3 - 5*d**2 + 2*d + 5. Determine b(-5).
-5
Let h(w) = -5*w - 5. Calculate h(-3).
10
Let y(b) = -17*b + 28. Determine y(2).
-6
Let s(x) = x**3 + 12*x**2 + 12*x + 13. Give s(-11).
2
Let o(t) = -t**2 - 12*t + 1. Give o(-11).
12
Let w(u) = 141*u + 1974. Calculate w(-14).
0
Let b(x) = -x**2 + 108*x - 888. What is b(9)?
3
Let u(r) = 1